t w = r + -13. Suppose -w*o = -6*o + 812. Is o composite?
True
Let w = -36 - -35. Let m be 21/(-63)*(-3)/w. Is -6 - -2 - (-148 - m) a prime number?
False
Let w(g) = 221*g**2 + 21*g - 51. Is w(11) a composite number?
False
Let s be (0*5/25)/1. Suppose -2*d + 434 = -0*d + 2*f, -5*f - 20 = s. Is d prime?
False
Let b(c) be the third derivative of c**7/5040 + 7*c**6/180 - c**5/12 - 3*c**2. Let d(z) be the third derivative of b(z). Is d(-9) prime?
True
Is 3362 + -4 - (-3)/(-6)*-2 a prime number?
True
Is (-7437)/(-2) - (-59)/118 a prime number?
True
Suppose -n = -5*n - 4*d + 320, 98 = n - 5*d. Is n a composite number?
False
Let d be 2/3 + (-21952)/(-21). Suppose 3*t - d = t. Let j = -78 + t. Is j a prime number?
False
Let o = -6 - -14. Suppose -12*m = -o*m - 508. Is m a prime number?
True
Let k(x) = -2*x**3 - 8*x**2 + 12*x - 13. Is k(-10) a composite number?
True
Let o(k) = -273*k + 223. Is o(-48) prime?
True
Suppose -46*n + 660 = -44*n. Suppose -3*g - n = -5*j + 2*g, 5*j = -4*g + 321. Is j prime?
False
Suppose 17522 = -8*b + 57738. Is b composite?
True
Suppose 0 = 17*t - 15*t - 28. Is (-4)/t + 745/(-7)*-31 composite?
False
Let n(r) be the second derivative of 223*r**4/12 - r**3 + 7*r**2/2 + 10*r. Let j be n(3). Suppose b - 3*b + 998 = t, 4*b - 2*t - j = 0. Is b prime?
True
Suppose 3*d = 3*f - 18, 7*f - 3*f - d - 27 = 0. Let r(k) = 98*k**2. Let v be r(1). Suppose f*t - v = 5*t. Is t prime?
False
Let j = 247 - -3024. Is j prime?
True
Suppose 104*b - 109*b + 1615 = 0. Suppose 0 = -t + 2*u + 1847, -4*u + b = -t + 2170. Is t prime?
True
Let y(f) = 3*f**2 - 3*f + 1. Let a = 3 - 8. Let h be y(a). Suppose 33 = -d + h. Is d prime?
False
Let c = -50 + 50. Suppose 8*o - 17*o + 1341 = c. Is o a prime number?
True
Suppose 3 = d - 1. Suppose d*g + 170 = 30. Is 3/5 + (-3934)/g prime?
True
Let x(i) = -95*i**3 + 3*i**2 + 6*i + 5. Is x(-3) composite?
False
Suppose 2*k + 0*k + 52 = 0. Let m = -3 - 10. Let d = m - k. Is d a prime number?
True
Suppose -2*w + 3*w - 2 = 0. Suppose w*q + 245 = 831. Is q prime?
True
Let x = -17805 + 31454. Is x a composite number?
False
Let p be (-5 - -7)*(-18)/(-4). Let f(v) = 34*v + 13. Is f(p) composite?
True
Let o = -397 - -674. Suppose -2*j - 3*j + o = 4*y, 5*j - 271 = -2*y. Is j prime?
True
Let a(k) = k**3 - 10*k**2 - 7*k + 9. Let g = 7 + -1. Suppose 4*i + g - 54 = 0. Is a(i) a composite number?
True
Suppose 12 - 4 = -4*i. Is (457/i)/((-8)/16) composite?
False
Let z be (-4 - (-21)/6)*114. Let v = z - -310. Is v composite?
True
Let u be 8/(-3 - -7) - 1. Let y be 9 + -3 + u + -1. Let c = y - 0. Is c composite?
True
Suppose 181*b - 187*b = -50802. Is b composite?
False
Suppose -3*j + 2836 = -2*j + 2*n, n = -4. Let s = j - 1635. Suppose -6*o + s = -3*o. Is o a composite number?
True
Let k = -121 - -70. Let z(l) = 2*l - 32. Let c be z(8). Let b = c - k. Is b prime?
False
Let f = -15 - -2. Let i = f - -16. Suppose 440 + 673 = i*c. Is c prime?
False
Suppose 0*k = -4*k - q - 524, -4*q = 5*k + 655. Let c = k + 183. Let m = 81 + c. Is m a prime number?
False
Let w = 17 + -7. Let l = 65 - w. Is l prime?
False
Suppose -6 = 4*l - 14. Suppose -l*n + 1 + 133 = 0. Is n prime?
True
Suppose 0*a + a - 2 = 0. Suppose -2*k - a = -3*k. Suppose 7*s = k*s + 4765. Is s a composite number?
False
Let l be 0*-3*3/(-18). Suppose 0 = -l*i - 4*i + 892. Is i a prime number?
True
Is (91215/135)/(2/6) a composite number?
False
Let r be (-16)/(-12)*3/(-2). Let s(w) = -175*w**3 + w**2 + w + 3. Is s(r) a prime number?
False
Let l = -33 + 35. Is 1/(l/(-4)) + 1153 prime?
True
Suppose 21966 = 9*g - 30279. Suppose 17028 = 5*s - 4*z - g, 2*z = -2*s + 9144. Is s prime?
False
Let k = -34 - 10. Let b(a) = 21*a**3 + 3*a**2 + 2*a + 1. Let q be b(-2). Let x = k - q. Is x composite?
True
Suppose 2*x = -0*u + u + 184, 3*u - 276 = -3*x. Suppose 0 = 3*y + x - 23. Is ((-15)/5)/(3/y) composite?
False
Suppose -2*y - 15981 = -3*u, -y + 16471 = 3*u + 490. Is u a composite number?
True
Let a = 56 - 32. Suppose 5*l - a = 1. Suppose p - 83 = -m + 3*p, l*p - 193 = -2*m. Is m a composite number?
False
Let t(b) = 18*b. Let i be t(8). Suppose 2*y - 244 = -2*x, 4*y - i + 37 = -x. Is x composite?
False
Suppose -5*p = 1030 - 60125. Is p composite?
True
Suppose 0 = -3*j + 2*c + 2 - 5, 3*j + 4*c = 15. Let l be j/4 + 2/(-8). Suppose 3*u + 3*b = 501, l = -3*b - 2*b + 20. Is u a composite number?
False
Let w(b) be the third derivative of -b**5/60 + 7*b**4/12 - 5*b**3/3 + b**2. Let p be w(13). Suppose -p*q - 20 + 62 = 0. Is q composite?
True
Suppose -j = -5*w + 18, 4*w - 5*j - 6 = -0. Let s(y) = 7*y**3 + 6*y**2 - 3*y + 9. Is s(w) composite?
False
Let c(j) = -2*j - 6. Let b be c(-4). Is (-1164)/b*7/(-21) a prime number?
False
Suppose 4330 = 2*q + 692. Suppose -f + 3*n - 6 = -928, n = 2*f - q. Is f prime?
True
Suppose -22538 = 6*t - 67136. Is t a prime number?
True
Suppose -15 = 5*v, 2*j = -2*j + 5*v + 5131. Suppose s - 4*b - j = 0, -b + 3378 = 4*s - 1738. Is s/4 - (-3)/(-4) a prime number?
False
Let b(o) = o**3 + 12*o**2 - 7*o + 7. Suppose 2*g + 2*s = 0, 0 = -0*g + 4*g + s + 12. Let h be g - 1 - (-6)/(-3). Is b(h) a composite number?
True
Suppose -11*q + 15822 = -8*q + 3*d, -5*d + 25 = 0. Is q a composite number?
True
Suppose -2*l + 1 = 3, 4*t + 5*l = 1295. Suppose 8*u - t - 979 = 0. Is u a composite number?
False
Let g(q) = -2*q**2 + 103*q + 89. Is g(38) a composite number?
True
Let l be (702/(-5))/((-15)/350). Suppose 0 = -3*p + 6, -l = -2*v - p - 912. Is v prime?
True
Let t be ((-15)/(-6) - 1)*2. Let f be 2*((-30)/4 + t). Is (-3)/f - (-1900)/15 prime?
True
Let y(h) = 4*h**2 - 40*h + 115. Is y(31) prime?
True
Let d be 0 + (-1)/2 - 9/(-2). Let c(h) = 5*h + 2. Is c(d) a prime number?
False
Let h(l) = 39*l**2 + 11*l + 13. Is h(-10) prime?
True
Suppose 2*p - k = -736, -4*k + 863 + 971 = -5*p. Let w = 873 + p. Is w a composite number?
False
Let b be (0 - -5 - 2)*8*65. Suppose 6*s = 366 + b. Is s a prime number?
False
Suppose 0 = 2*u + 5*c + 41, -5*u + 38 = 2*c + 130. Let y = 1 - u. Is (-13 - -11)*y/(-2) a prime number?
True
Suppose 0 = -27*r + 31*r - 4*m - 2812, -5*r = 3*m - 3499. Is r prime?
True
Let p(u) = 5*u**3 + u**2 + 4*u. Let y be p(-3). Let l = -344 + y. Let c = -271 - l. Is c a composite number?
False
Let d be 1/1 - (-27979 + 0 + 0). Suppose 0 = -31*x + 41*x - d. Is x a composite number?
True
Suppose -75*n + 79*n - 308772 = 4*i, 2*n = -5*i + 154358. Is n a composite number?
True
Suppose -53 = 3*o - 548. Let n = 13 + -7. Suppose f = n*f - o. Is f composite?
True
Suppose -47*o + 47664 = -183529. Is o a composite number?
False
Suppose 0 = 3*y + c - 6629, -4*y - 3*c = -2*y - 4424. Is y a composite number?
True
Let m(q) = q**2 + 13*q - 45. Let n be m(-20). Suppose n = 9*i - 112. Is i composite?
False
Let n = 1708 + -341. Is n prime?
True
Suppose -h = -4, -b + 0*h - 3*h = -14. Suppose -7*o = b*o - 1035. Is o a prime number?
False
Suppose 0 = 2*b - 3192 - 3434. Is b composite?
False
Is -8069*(0 - -5 - 6) a composite number?
False
Suppose -64 = 3*q - 2*o - 183, -o + 91 = 2*q. Is q a prime number?
True
Let q(r) = r**2 + 20*r - 44. Let n be q(-16). Let w = 433 - n. Is w a prime number?
True
Let d = -4 + 10. Suppose -d*x = -0*x - 3390. Is x a composite number?
True
Let u(z) = z**3 - 5*z**2 - 8*z - 4. Let x be u(12). Suppose -544 = -2*h + 2*v, -4*h - 3*v = -x - 194. Is h a composite number?
True
Suppose i = -2*z - z + 18021, -30035 = -5*z - 5*i. Is z a prime number?
True
Let d = 7 - 2. Suppose -d*w = 4*a + 37412, -5*a + 0*a - 2*w - 46748 = 0. Is (-8)/(-24) - a/9 prime?
True
Is ((-1305)/(-10) + -5)/(2/44) prime?
False
Is 3/6*37174 + (30 - 30) composite?
False
Let i = 15913 - 8702. Is i a composite number?
False
Let i = 45 - 58. Let u = i - -248. Is u composite?
True
Suppose 0 = 9*z + 15*z - 324840. Is z composite?
True
Suppose 0 = -5*i + 20, -222689 = -26*m + 21*m - i. Is m a composite number?
False
Suppose -1041 = 5*s - 3176. Suppose l - j - s = 69, 0 = -l - j + 502. Is l prime?
True
Let q = -13756 + 32407. Is q a composite number?
True
Let i(l) = -108*l - 3. Suppose -4*b = 21 + 19. Is i(b) a prime number?
False
Let p = -566 - -304. Let x = p + 1069. Is x a composite number?
True
Is ((-3339)/(-126))/(-1 - (-6)/4) composite?
False
Let f = -45 - 0. Is 20/f + 27093/27 prime?
False
Let j = 40 - 33. Suppose 5837 